{"id":107456,"date":"2026-03-26T00:04:46","date_gmt":"2026-03-25T23:04:46","guid":{"rendered":"https:\/\/playrock.pl\/?product=valeton-ep-2-efekt-gitarowy"},"modified":"2026-03-26T00:04:46","modified_gmt":"2026-03-25T23:04:46","slug":"valeton-ep-2-efekt-gitarowy","status":"publish","type":"product","link":"https:\/\/playrock.pl\/?product=valeton-ep-2-efekt-gitarowy","title":{"rendered":"Valeton EP-2 &#8211; efekt gitarowy"},"content":{"rendered":"<p><span style=\"vertical-align: inherit;\"><span style=\"vertical-align: inherit;\"><\/span><\/span><\/p>\n","protected":false},"excerpt":{"rendered":"<p>Efekt gitarowy EP-2 wywodzi si\u0119 z serii Valeton Surge i cechuje si\u0119 kompaktowym rozmiarem i efektownym pod\u015bwietleniem LED. Mo\u017ce by\u0107 prze\u0142\u0105czany mi\u0119dzy trybami Volume i Expression.<\/p>\n","protected":false},"featured_media":130212,"template":"","meta":[],"product_cat":[4014,4022],"product_tag":[4093],"class_list":{"0":"post-107456","1":"product","2":"type-product","3":"status-publish","4":"has-post-thumbnail","6":"product_cat-efekty-gitarowe-i-akcesoria","7":"product_cat-efekty-kompaktowe","8":"product_tag-valeton","9":"pa_marka-valeton","11":"first","12":"instock","13":"purchasable","14":"product-type-simple"},"_links":{"self":[{"href":"https:\/\/playrock.pl\/index.php?rest_route=\/wp\/v2\/product\/107456","targetHints":{"allow":["GET"]}}],"collection":[{"href":"https:\/\/playrock.pl\/index.php?rest_route=\/wp\/v2\/product"}],"about":[{"href":"https:\/\/playrock.pl\/index.php?rest_route=\/wp\/v2\/types\/product"}],"version-history":[{"count":0,"href":"https:\/\/playrock.pl\/index.php?rest_route=\/wp\/v2\/product\/107456\/revisions"}],"wp:featuredmedia":[{"embeddable":true,"href":"https:\/\/playrock.pl\/index.php?rest_route=\/wp\/v2\/media\/130212"}],"wp:attachment":[{"href":"https:\/\/playrock.pl\/index.php?rest_route=%2Fwp%2Fv2%2Fmedia&parent=107456"}],"wp:term":[{"taxonomy":"product_cat","embeddable":true,"href":"https:\/\/playrock.pl\/index.php?rest_route=%2Fwp%2Fv2%2Fproduct_cat&post=107456"},{"taxonomy":"product_tag","embeddable":true,"href":"https:\/\/playrock.pl\/index.php?rest_route=%2Fwp%2Fv2%2Fproduct_tag&post=107456"}],"curies":[{"name":"wp","href":"https:\/\/api.w.org\/{rel}","templated":true}]}}