{"id":107388,"date":"2026-02-19T00:04:06","date_gmt":"2026-02-18T23:04:06","guid":{"rendered":"https:\/\/playrock.pl\/?product=valeton-ep-1-efekt-gitarowy-vol-wah"},"modified":"2026-02-19T00:04:06","modified_gmt":"2026-02-18T23:04:06","slug":"valeton-ep-1-efekt-gitarowy-vol-wah","status":"publish","type":"product","link":"https:\/\/playrock.pl\/?product=valeton-ep-1-efekt-gitarowy-vol-wah","title":{"rendered":"Valeton EP-1 &#8211; efekt gitarowy vol\/wah"},"content":{"rendered":"<p><span style=\"vertical-align: inherit;\"><span style=\"vertical-align: inherit;\"><\/span><\/span><\/p>\n","protected":false},"excerpt":{"rendered":"<p>Efekt gitarowy EP-1 wywodzi si\u0119 z serii Valeton Surge i cechuje si\u0119 kompaktowym rozmiarem i efektownym pod\u015bwietleniem LED. Mo\u017ce by\u0107 prze\u0142\u0105czany mi\u0119dzy trybami Volume i Wah.<\/p>\n","protected":false},"featured_media":129958,"template":"","meta":[],"product_cat":[4014,4022],"product_tag":[4093],"class_list":{"0":"post-107388","1":"product","2":"type-product","3":"status-publish","4":"has-post-thumbnail","6":"product_cat-efekty-gitarowe-i-akcesoria","7":"product_cat-efekty-kompaktowe","8":"product_tag-valeton","9":"pa_marka-valeton","11":"first","12":"instock","13":"purchasable","14":"product-type-simple"},"_links":{"self":[{"href":"https:\/\/playrock.pl\/index.php?rest_route=\/wp\/v2\/product\/107388","targetHints":{"allow":["GET"]}}],"collection":[{"href":"https:\/\/playrock.pl\/index.php?rest_route=\/wp\/v2\/product"}],"about":[{"href":"https:\/\/playrock.pl\/index.php?rest_route=\/wp\/v2\/types\/product"}],"version-history":[{"count":0,"href":"https:\/\/playrock.pl\/index.php?rest_route=\/wp\/v2\/product\/107388\/revisions"}],"wp:featuredmedia":[{"embeddable":true,"href":"https:\/\/playrock.pl\/index.php?rest_route=\/wp\/v2\/media\/129958"}],"wp:attachment":[{"href":"https:\/\/playrock.pl\/index.php?rest_route=%2Fwp%2Fv2%2Fmedia&parent=107388"}],"wp:term":[{"taxonomy":"product_cat","embeddable":true,"href":"https:\/\/playrock.pl\/index.php?rest_route=%2Fwp%2Fv2%2Fproduct_cat&post=107388"},{"taxonomy":"product_tag","embeddable":true,"href":"https:\/\/playrock.pl\/index.php?rest_route=%2Fwp%2Fv2%2Fproduct_tag&post=107388"}],"curies":[{"name":"wp","href":"https:\/\/api.w.org\/{rel}","templated":true}]}}