{"id":103085,"date":"2026-01-13T00:02:39","date_gmt":"2026-01-12T23:02:39","guid":{"rendered":"https:\/\/playrock.pl\/?product=prodipe-3000w-profesjonalne-sluchawki-studyjne"},"modified":"2026-01-13T00:02:39","modified_gmt":"2026-01-12T23:02:39","slug":"prodipe-3000w-profesjonalne-sluchawki-studyjne","status":"publish","type":"product","link":"https:\/\/playrock.pl\/?product=prodipe-3000w-profesjonalne-sluchawki-studyjne","title":{"rendered":"Prodipe 3000W &#8211; profesjonalne s\u0142uchawki studyjne"},"content":{"rendered":"<p><span style=\"vertical-align: inherit;\"><span style=\"vertical-align: inherit;\"><\/span><\/span><\/p>\n","protected":false},"excerpt":{"rendered":"<p>Oferta specjalna: zam\u00f3w 5 szt. s\u0142uchawek PRO3000 (mo\u017cna miesza\u0107 kolory), a pi\u0105t\u0105 z nich otrzymasz za 1 grosz!<\/p>\n","protected":false},"featured_media":127965,"template":"","meta":[],"product_cat":[4181,3886],"product_tag":[911],"class_list":{"0":"post-103085","1":"product","2":"type-product","3":"status-publish","4":"has-post-thumbnail","6":"product_cat-sluchawki","7":"product_cat-mikrofony-i-naglosnienie","8":"product_tag-prodipe","9":"pa_marka-prodipe","11":"first","12":"instock","13":"purchasable","14":"product-type-simple"},"_links":{"self":[{"href":"https:\/\/playrock.pl\/index.php?rest_route=\/wp\/v2\/product\/103085","targetHints":{"allow":["GET"]}}],"collection":[{"href":"https:\/\/playrock.pl\/index.php?rest_route=\/wp\/v2\/product"}],"about":[{"href":"https:\/\/playrock.pl\/index.php?rest_route=\/wp\/v2\/types\/product"}],"version-history":[{"count":0,"href":"https:\/\/playrock.pl\/index.php?rest_route=\/wp\/v2\/product\/103085\/revisions"}],"wp:featuredmedia":[{"embeddable":true,"href":"https:\/\/playrock.pl\/index.php?rest_route=\/wp\/v2\/media\/127965"}],"wp:attachment":[{"href":"https:\/\/playrock.pl\/index.php?rest_route=%2Fwp%2Fv2%2Fmedia&parent=103085"}],"wp:term":[{"taxonomy":"product_cat","embeddable":true,"href":"https:\/\/playrock.pl\/index.php?rest_route=%2Fwp%2Fv2%2Fproduct_cat&post=103085"},{"taxonomy":"product_tag","embeddable":true,"href":"https:\/\/playrock.pl\/index.php?rest_route=%2Fwp%2Fv2%2Fproduct_tag&post=103085"}],"curies":[{"name":"wp","href":"https:\/\/api.w.org\/{rel}","templated":true}]}}